late the remainder when q is divided by ((-9)/3)/((-2)/6).
8
Let q(y) = -y + 6. What is the remainder when 26 is divided by q(0)?
2
Let d = -26 + 43. Calculate the remainder when 65 is divided by d.
14
Suppose 3*o - 11 - 25 = 4*l, 2*l = 5*o - 60. What is the remainder when 23 is divided by o?
11
Let c(w) = w**2 + 4*w - 2. Calculate the remainder when 35 is divided by c(3).
16
Let w(q) = 2*q - 8. Let d be w(6). Suppose 2*i = d + 20. What is the remainder when 23 is divided by i?
11
Suppose 0*d = 4*d - 64. What is the remainder when d is divided by (4/(-6))/((-2)/18)?
4
Let d(k) = -32*k. Let h be d(-11). Calculate the remainder when 2/(h/(-180) + 2) is divided by (1*-23)/(2/(-2)).
22
Let j(r) = -11*r + 11. Calculate the remainder when j(-6) is divided by 20.
17
Let q be 4*(0 + -1)/1. Let g = 1 + q. Calculate the remainder when 28 is divided by -3 - 20/(-2) - g.
8
Let n be 1 + -1 - (-3)/1. Suppose -n*b - 8 = -7*b. Calculate the remainder when b is divided by 1.
0
Suppose -f + 23 + 1 = 2*m, -3*m + 50 = -2*f. Let q = -9 - -15. Let i = q - -33. What is the remainder when i is divided by m?
11
Let q = -37 - -84. What is the remainder when q is divided by 12?
11
Let p(g) = -g**3 - 5*g**2 + 3. Suppose 4 = r - 1. Suppose 0 = u - q - 0*q - 12, 4*u + r*q - 30 = 0. What is the remainder when u is divided by p(-5)?
1
Suppose 5*o - 45 = 2*o. Calculate the remainder when (-16)/20 - (-438)/10 is divided by o.
13
Let j(v) = -3*v - 11. Calculate the remainder when 37 is divided by j(-7).
7
Let g be 1/4 + (-1)/4. Suppose g*q - 13 = -q. Suppose 157 = 31*f - 60. Calculate the remainder when q is divided by f.
6
Let t = -132 - -143. Calculate the remainder when 18 is divided by t.
7
Suppose 0 = -5*o + 42 - 177. Let x = o + 53. Suppose -5*s = 4*z - 8*z - 82, 0 = -s + 4*z + x. What is the remainder when s is divided by 4?
2
Suppose 0 = 2*y + 5*y - 70. What is the remainder when 18 is divided by y?
8
Let m be (-2 + 13 - 0)*3. Let d = -20 + m. Calculate the remainder when d is divided by 7.
6
Suppose 0*g = -g. Let r(b) = b + 20. What is the remainder when r(g) is divided by 7?
6
Suppose 2*g - 2*j = 3*j - 14, j = -2*g + 10. Suppose 2*t - 3*t = -g. Suppose -2*q - t*q + 50 = 0. Calculate the remainder when q is divided by 3.
1
Let k(z) = 3*z. Calculate the remainder when 39 - (15/(-6) - -2)*0 is divided by k(7).
18
Suppose -3*m - 2*m + 950 = 0. Suppose 2*b + m = 7*b. What is the remainder when b is divided by 10?
8
Suppose -3 = 2*f + 11. Let o = 14 + f. Calculate the remainder when o is divided by 2.
1
Let l(g) = 6*g**2 - 30*g - 36. Let c(b) = b**2 - 6*b - 7. Let n(f) = 11*c(f) - 2*l(f). Let i = -9 + 13. What is the remainder when i is divided by n(-4)?
1
Let q be 13 + (-2)/(-3 - -5). Suppose -4*r + 5 + q = 5*y, 3*r - 5*y - 39 = 0. Calculate the remainder when 22 is divided by r.
6
Let f be (-2)/(-8) - (-236)/16. Suppose 5 = 5*g - f. Suppose l - 2*p = -0*p + 5, 0 = 4*p + g. Calculate the remainder when 5 is divided by l.
2
Let c(i) = 13*i**3 + i. Let b be c(-1). Let j = b + 16. What is the remainder when 7 is divided by j?
1
Let t = -124 - -270. What is the remainder when t is divided by 37?
35
Let u = 49 - 30. Let l = -9 - -5. What is the remainder when (l/8)/(1/(-74)) is divided by u?
18
Suppose 32 = -4*s + 60. Calculate the remainder when s is divided by 3.
1
What is the remainder when 67 is divided by 4 - (-4 - 15)/1?
21
Suppose -5*b = -336 + 101. Let m(c) = 2*c**2 - 3*c + 7. What is the remainder when b is divided by m(3)?
15
Let h(z) = 18*z - 7. What is the remainder when h(5) is divided by 21?
20
Let v(q) = -24*q + 3. Let i(h) = 8*h - 1. Let w(c) = -8*i(c) - 3*v(c). What is the remainder when w(1) is divided by 3?
1
Let q = 1 - -1. Suppose 3*r - q - 15 = -4*f, 5*f = 2*r + 4. Suppose f*w = -2*w + 136. Calculate the remainder when w is divided by 18.
16
Let q = 75 - 64. What is the remainder when 31 is divided by q?
9
Suppose s = 5*s - c - 34, 2*s - 22 = -2*c. What is the remainder when 35 is divided by s?
8
Let a be (0/3 + -4)*-1. Suppose b + 39 = a*b. Calculate the remainder when b is divided by 8.
5
Let g(y) = y**2 + 7*y - 28. Calculate the remainder when 89 is divided by g(-12).
25
Suppose -5*k = -0*k - 15. Let r = k - 0. What is the remainder when r is divided by 3?
0
Suppose 5*c + 4 = 4*s, -5*s + 26 = -0*s - c. Calculate the remainder when 8 is divided by s.
2
Let w be 7 + -5 - (1 + -5). Let u(r) = r + 6. Let z be u(w). What is the remainder when 47 is divided by (z/7)/(1/7)?
11
Let g = 52 - 51. Calculate the remainder when 6 is divided by g.
0
Let s = 0 + 12. Let n = 57 - s. Calculate the remainder when n is divided by 12.
9
Suppose -9 - 1 = -a. Let h(j) = -j**2 + 4*j + 3. Let q be h(5). Let x(n) = -3*n**3 - 2*n. Calculate the remainder when x(q) is divided by a.
8
Let j = 137 - -38. Calculate the remainder when 4 is divided by j/55 - 2/11.
1
Suppose -3*z + 22 = 5*y, 5*y = -2*z + 3*y + 12. Suppose -a + 15 - 1 = 4*p, 2*p - 5*a + z = 0. Calculate the remainder when 4 is divided by p.
1
Suppose 8*k - 230 = 3*k. Let z = 101 - 85. Calculate the remainder when k is divided by z.
14
Suppose y - 5*s - 82 = 0, 2*y - 2*s = 3*y - 103. What is the remainder when y is divided by 20?
17
Let x(i) = 2*i + 34. Let j(b) = 2*b**2 + 8*b - 6. What is the remainder when x(0) is divided by j(-6)?
16
Suppose 116 = 3*y - 13. Suppose -3*u + 0*u = -k + 6, -k = -5*u. Calculate the remainder when y is divided by k.
13
Let m be (-6)/(10/(-4) + 1). Suppose -5*r = -m*d + 11, -10 = 2*r - 4*d + d. Calculate the remainder when 32 is divided by r*2 - (-9 - 0).
10
Let d = -5 + 19. What is the remainder when 40 is divided by d?
12
Let c(p) = p - 2*p + 2 - p. Calculate the remainder when (11/(-4))/(3/(-24)) is divided by c(-5).
10
Let a(c) = 21*c**2 - 2*c - 3. Suppose 21 = v + 4*b, -3*b + 31 = 3*v - 50. Calculate the remainder when a(-2) is divided by v.
27
Let f = -90 - -95. What is the remainder when 37 is divided by f?
2
Let z(o) = -2*o + o + 53 + 0*o**3 + o**3 + o**2. Suppose -5*h + 5 + 68 = -3*p, 4*p = 2*h - 32. What is the remainder when z(0) is divided by h?
11
Let z = 2 - 1. Let r(p) = -p**2 + p. Let t be r(z). Suppose 0 = -0*y - 4*y + 4*l + 28, y + 3*l - 3 = t. Calculate the remainder when y is divided by 4.
2
What is the remainder when ((-328)/(-10))/((-10)/(-25)) is divided by 21?
19
Suppose -3*k = 3*h - 108, -4*h + 6 - 2 = 0. Let i(n) = -4*n + 3. Let w be i(2). Let j = 17 + w. Calculate the remainder when k is divided by j.
11
Let u = 2 - -1. Let z(r) = r**2 - 2. Let v be z(-4). Suppose 3*p + 11 - v = 0. Calculate the remainder when u is divided by p.
0
Suppose 0 = -5*l + l - 16. Let d = -3 - l. Let q = 6 - d. Calculate the remainder when q is divided by 2.
1
Let r = 32 - 22. What is the remainder when 43 is divided by r?
3
Let l(j) = -14*j - 13. What is the remainder when l(-8) is divided by 25?
24
Let p be 3/((-1)/(-36)*3). Suppose 0 = 4*z - 8 - p. What is the remainder when 42 is divided by z?
9
Calculate the remainder when 71 is divided by (1*11)/((-4 - -3) + 2).
5
Let l = 7 - -2. What is the remainder when 107 is divided by (-9)/(-6)*132/l?
19
Suppose h = 3*h - 32. What is the remainder when 4 is divided by 36/h + 3/(-12)?
0
Let y = 41 - 22. Calculate the remainder when 35 is divided by y.
16
Suppose 0 = -2*p - 5*k + 17, 3*p + 13 = 4*p + k. Calculate the remainder when 63 is divided by p.
15
Calculate the remainder when 2/(2/149) + 5 + -5 is divided by 30.
29
Suppose 9 = 5*m - 1. Suppose -n = -13 + m. Calculate the remainder when 43 is divided by n.
10
Suppose 0*y + w = y - 3, y + 4*w = 3. Suppose -2*h + 5*h - 12 = 0. Calculate the remainder when h is divided by y.
1
Suppose -4*z - 2*z = -462. What is the remainder when z is divided by 20?
17
Let h be (-34)/(-1)*(3 - 5). Let z = -37 - h. What is the remainder when z is divided by 8?
7
Suppose -6*y = 3*y - 108. What is the remainder when y is divided by 9?
3
Let f(i) = 79*i**2. Let z be f(-2). Suppose -149 = -5*g + z. Suppose g = 4*x - x. What is the remainder when x is divided by 16?
15
Let m(h) = -h**2 - 2. Let f be m(-2). Let t = -5 - f. Calculate the remainder when t is divided by 1.
0
Suppose -9*t - 3*f = -4*t + 6, -3*f - 6 = 4*t. Suppose t = -7*m + 2*m + 30. Suppose -g + 18 - 2 = 0. Calculate the remainder when g is divide